ppose -3*u + 0*u = -36. Suppose 4*y = -1 + 17. Suppose -16 = -y*q - 4. What is the highest common factor of u and q?
3
Let r be 18/(3 - (-70)/(-24)). Suppose -6*u + r = -2*u. Suppose p = 3*y - 160 - u, -5*p - 20 = 0. Calculate the greatest common divisor of 14 and y.
14
Suppose -o + 3 = -p, -p - 8 = 2*o - 2. Let l be (-38)/o + 30/(-6) + 3. What is the highest common factor of 12 and l?
12
Let f(t) = 48*t - 538. Let r be f(13). Let w be (-43)/(-1)*(-30)/(-6). Calculate the greatest common factor of r and w.
43
Let p(y) = 13*y + 318. Let u be p(-16). Calculate the highest common divisor of u and 66.
22
Let s(k) = 7*k**2 + 3*k + 3. Let g be s(3). Let a = g - 45. Calculate the highest common divisor of 45 and a.
15
Let v(k) = 9*k - 9. Let r be v(4). Suppose 10*d - r - 3 = 0. Calculate the greatest common divisor of d and 27.
3
Let q = 287 - 231. What is the highest common factor of 14 and q?
14
Let r be -4 + (8 - 5)*6. Suppose 4*k = 5*u + 537 - 165, -3*u - 184 = -2*k. Calculate the greatest common factor of r and k.
14
Let r = -2246 + 2248. Suppose 4*k + 5 = -k + 5*n, -4*k + 2*n + 4 = 0. Calculate the greatest common divisor of r and k.
1
Suppose 2*g - 12 = -2*q, -g + 32 = g - 3*q. Calculate the highest common factor of 170 and g.
10
Let s(q) = q**2 - 8*q + 16. Let f be s(6). Let h = 13 - 5. Calculate the greatest common factor of f and h.
4
Suppose 5*q + 171 - 575 = -4*g, 4*q - 321 = -g. Suppose -4*o + 80 = r, -3*o + 5*r + q = o. Let w = o + -14. Calculate the highest common factor of 24 and w.
6
Let s = -8 - -11. Let b(v) = 5*v + 2. Let q be b(2). Calculate the highest common factor of s and q.
3
Let r be -1 + (-3)/(-6)*2. Suppose -4*k + 8 = r, -3*z + 26 = -z + 4*k. Let v = -58 - -61. Calculate the greatest common divisor of z and v.
3
Let p = -1 - -9. Let k be -2 + 1 - (6 - p). Let z = k - -20. Calculate the greatest common divisor of 63 and z.
21
Let c(u) be the third derivative of u**6/120 + u**5/5 - 19*u**4/24 - 3*u**3 - 11*u**2. Let b be c(-12). What is the greatest common divisor of 30 and b?
30
Let x be (-1)/(4/12) + 13. Let w = x + -6. Let v be ((-6)/1)/(w + -6). Calculate the greatest common divisor of v and 15.
3
Let t be ((-20)/6)/(10/(-2025)). What is the highest common divisor of t and 45?
45
Let t be (-1 - -1) + 1 - -9. Suppose 3812 = 67*g + 20*g - 7498. Calculate the highest common divisor of t and g.
10
Let y be 4/(16/(-6))*-52. Let l = y - 14. What is the greatest common factor of 96 and l?
32
Let z be (-56)/(-252) - (-1105)/9. Calculate the highest common factor of z and 6.
3
Let y(k) = -3*k + 26. Let g(f) = -15*f + 129. Let q(c) = -4*g(c) + 21*y(c). Let b be q(-16). Calculate the greatest common factor of b and 195.
39
Suppose 816 = 21*q - 1326. Calculate the highest common factor of 12 and q.
6
Let w(t) = -t**3 - 5*t**2 - 5*t. Let c(o) = -o + 17. Let u be c(12). Let l be w(u). Let k = l + 400. What is the greatest common divisor of 25 and k?
25
Let c be (-13 + 15)*(2 + 1011/6). Calculate the highest common factor of 31 and c.
31
Suppose 0 = -5*w, -275 + 32 = -3*s - 4*w. Let u = 169 - s. Suppose 4*g = 5*h - 110, -3*g - 22 = -h - g. What is the highest common divisor of u and h?
22
Let y(f) = f + 49. Let n be y(-7). Let b(s) be the first derivative of s**3 + 5*s**2/2 + 2. Let h be b(-4). Calculate the highest common factor of n and h.
14
Suppose 19*a + 35 - 1270 = 0. Suppose -4*q + 47 = -57. What is the greatest common divisor of a and q?
13
Suppose 5*h = -2*d + 32, -2*d = 2*h - 6*h + 22. Let s be 4/h - (-1984)/12. Let x = -106 + s. Calculate the greatest common factor of x and 90.
30
Suppose -1603 + 463 = -6*f. Calculate the greatest common factor of 114 and f.
38
Suppose -130 = -3*r + 1166. What is the greatest common divisor of 96 and r?
48
Suppose 4*u = 3*d - 3 + 89, 4*u - 5*d = 82. Calculate the greatest common factor of 299 and u.
23
Let p(k) = k**3 + 2*k**2 - 4*k + 7. Let l be p(5). Calculate the greatest common divisor of 6 and l.
6
Suppose 26 = 4*c - 10. Suppose 32 = c*q - 5*q. Let s = q - 6. Calculate the greatest common divisor of 8 and s.
2
Suppose -2*r = -8*k + 88, -2*k + 12 = -7*r + 9*r. Calculate the highest common factor of 235 and k.
5
Let d(n) = 8*n - 213. Let m be d(33). Calculate the highest common divisor of m and 136.
17
Suppose -4*y = -30 - 2. Let k = 6 + -4. Suppose k*q = 9 + 7. Calculate the greatest common divisor of y and q.
8
Let m(q) = -22*q + 2. Let n be m(-1). Suppose 0 = 4*j + 4*g - n - 20, 5*g = 10. What is the greatest common divisor of j and 36?
9
Let y(f) = 1 - 4 - f - 2*f + 1. Let b be y(-2). Calculate the greatest common divisor of b and 28.
4
Suppose 23*n - 887 = 33. What is the greatest common divisor of n and 920?
40
Let f(o) = 22*o**2 + 3*o + 2. Let t be f(-2). What is the greatest common factor of t and 156?
12
Suppose 9*k - 13*k + 132 = 5*f, -f + 186 = 5*k. Calculate the greatest common factor of 4 and k.
2
Let l(m) = -m**3 + 12*m**2 + 23*m - 34. Let g be l(13). Calculate the greatest common factor of g and 12.
12
Let j be (-9)/(-5)*(88 - -82). Calculate the highest common factor of 18 and j.
18
Let h(y) = 7*y**2 - 17*y - 41. Let x be h(-13). What is the greatest common divisor of x and 29?
29
Let v(y) be the third derivative of y**6/120 - 3*y**5/10 + 3*y**4/2 + 13*y**3/6 + 2*y**2. Let n be v(16). Calculate the highest common factor of n and 7.
7
Let l = -15 - -26. Suppose 9*r - 22 = -4. Suppose -r*p = -3*p + 121. What is the highest common factor of p and l?
11
Suppose 0 = a + 5*a - 18. Suppose -j + a + 1 = 0. What is the highest common factor of 36 and j?
4
Let j = 37 - 66. Let w = j - -29. Let z = 10 - w. What is the greatest common factor of 90 and z?
10
Let g(m) = 2*m**3 - 20*m**2 - 21*m + 16. Let x be g(11). What is the highest common divisor of 108 and x?
27
Let s be (-10 - -5) + 8*32. Suppose t = 2*f + 2*f - 133, -5*t - f - 707 = 0. Let a = s + t. Calculate the greatest common divisor of 10 and a.
10
Suppose -4*x - 12 = -4*k, 0*x + 5*k - 23 = x. Calculate the greatest common factor of 18 and x.
2
Let u be 77*((4 - 3) + 1/(-7)). Calculate the greatest common factor of u and 88.
22
Let j = -735 - -790. What is the highest common factor of j and 1760?
55
Suppose j = -4, -d - 5*j + 335 = -8*j. Calculate the highest common divisor of d and 17.
17
Let m = 27 + -41. Let h = 24 + m. Let n = h + 5. Calculate the greatest common factor of 3 and n.
3
Let v = -15 + 43. Let o be 552/v - 4/(-14). Calculate the greatest common factor of 50 and o.
10
Let r be (-17 + -1 + 3)*(-20)/3. Let k = -94 + r. Let q(f) = -f. Let w be q(-4). What is the highest common factor of k and w?
2
Let x = 378 - -472. What is the greatest common factor of x and 34?
34
Let x be (3*(-2)/1)/(-48 - -47). What is the greatest common factor of x and 3?
3
Let j be 6*1 + (3447 + 1)/8. Calculate the greatest common divisor of j and 19.
19
Let p(a) = a**3 - 4*a**2 + a + 2. Let n be p(4). Suppose -60*o = -5*f - 56*o + 144, -o + 90 = 4*f. What is the greatest common divisor of f and n?
6
Suppose 54 = 3*r - 90. Let t = -18 - -29. Suppose -2*c = -c + 3*m + 9, m = c - t. What is the greatest common factor of c and r?
6
Suppose -2*s + 422 = 5*v, 0 = -s - v + 130 + 81. Suppose 5*r = -2*n + s + 248, 5*r + 3*n - 461 = 0. What is the greatest common factor of r and 13?
13
Suppose 0 = 4*k - 16. Suppose 5*f - k*y + 10 = 0, 3*y + 4 = -0*f - 2*f. Let h be -2 - (f + (-4 - 4)). Calculate the greatest common factor of h and 24.
8
Let v = 83 + -35. Suppose v = -5*z + 6*z. What is the greatest common divisor of 32 and z?
16
Suppose 0 = 10*s - 1355 - 325. What is the greatest common divisor of s and 924?
84
Let g be ((-1)/3)/((-11)/33). Suppose -2*o + 3 = 3*k - 0*o, -k - 2*o + g = 0. Calculate the greatest common divisor of k and 4.
1
Let h = 16 + -11. Suppose b + 3*b + 5*v + 129 = 0, h*b + 174 = -2*v. Let i = 54 + b. Calculate the highest common factor of 6 and i.
6
Suppose 275 - 83 = 12*r. Suppose 6*f - r = 5*f. What is the greatest common divisor of 368 and f?
16
Let q(y) = y**3 - 6*y**2 + 9*y - 2. Let d be q(5). Let s = -3 + d. Suppose -g + 225 = 2*g. What is the highest common factor of s and g?
15
Suppose 0 = -4*n + 260 + 228. What is the highest common factor of n and 183?
61
Let g(d) = d**2 + 1. Let j be g(2). Let t(u) = u**2 - 2*